ded by k?
13
Suppose -5*j = i + j - 104, -143 = -2*i + j. What is the remainder when 146 is divided by i?
72
Suppose 0 = 4*h - 12, 3*d = 3*h - 5*h + 9. Suppose -5*b - 3*c = 17, 2*b + c + 5 = b. Calculate the remainder when 46 is divided by d + b + (-1 - -13).
10
Let i be 6/(-9) + 8/12. Let h be 0 + -3 + i + 5. Suppose 0*w + 3*w - h*m = 58, 3*m = 5*w - 95. What is the remainder when w is divided by 9?
7
Let n(a) = -a**2 - 7*a + 10. Calculate the remainder when 41 is divided by n(-8).
1
Let f = -16 - -17. Let n = 8 + -5. Suppose 2 = n*i - 4. Calculate the remainder when i is divided by f.
0
Let c(i) = -i**3 + i**2 - 2*i. Let j be c(2). Let b be ((-18)/8)/(3/j). Suppose b = 2*k - 36. Calculate the remainder when 81 is divided by k.
18
Let y = 23 - -36. Suppose -3*u + 3*k - 53 = -98, -3*u + 33 = k. Calculate the remainder when y is divided by u.
11
Calculate the remainder when 97 is divided by 1*(46 - 3)*1.
11
Suppose 0 = -3*y + 4*s + 8 - 0, 6 = -5*y - 3*s. What is the remainder when 47 is divided by (y + 2 - (3 - 11))*1?
7
Let r = 68 - 58. Suppose -r*z = 5*z - 240. Let q = -44 + 106. What is the remainder when q is divided by z?
14
Let n = 824 - 821. Suppose u + 5*s + 21 = -3*u, 2*u = 3*s - 5. Let p = 8 + u. What is the remainder when p is divided by n?
1
Let l(c) = -6*c - 5. Let w be (29/2)/(12/24). Suppose -4*s - 3*h - 2*h = -w, -5*h - 15 = 0. What is the remainder when l(-4) is divided by s?
8
Suppose 4*j = 2*j, 4*b = 2*j + 60. Let n = -1930 + 1974. Calculate the remainder when n is divided by b.
14
Suppose -11 - 1 = 3*d. Calculate the remainder when 31 is divided by 477/27 + d/6.
14
Let u = -42 + 46. What is the remainder when 49 is divided by u/14 - (-804)/28?
20
Suppose -4*l = 48 + 20. Let t = 48 + l. Let f = 2 - -15. Calculate the remainder when t is divided by f.
14
Let t(x) = x**2 + 20*x + 102. What is the remainder when 133 is divided by t(-9)?
1
Suppose 0 = 2*c - 0*c - 28. What is the remainder when 24 is divided by c?
10
Let l(f) = -f**2 - 2*f + 39. What is the remainder when 502 is divided by l(-5)?
22
Let r(s) = -s**3 - 2*s**2 + 2*s - 2. Let u be r(-3). Suppose 4*n = -n + 120. What is the remainder when n is divided by 1*(-27)/(-2 - u)?
6
Let c be -1*5/((-15)/21). Suppose n - 2 + c = 0. Let f = n + 50. Calculate the remainder when f is divided by 12.
9
Suppose -10*f = -4*f - 102. What is the remainder when 49 is divided by f?
15
Let l be ((-1278)/27)/(4/(-6)). Suppose -3*b - 2*s + 14 = -45, 3*b + 5*s - l = 0. Calculate the remainder when 81 is divided by b.
13
Suppose 104 = 3*m + 2*z - z, 2*m - 3*z = 51. Suppose m - 13 = v. Calculate the remainder when v is divided by 7.
6
Let u be (8 - 2)*(2 + 1). Let w be 9/u - 427/2. Calculate the remainder when 0 - 2 - w/3 is divided by 18.
15
Let b = -1731 - -2102. What is the remainder when b is divided by 64?
51
Let p(q) = 78*q + 5. Let v be p(-1). What is the remainder when 29 is divided by 7/((-105)/(-6)) + v/(-5)?
14
Let t = -209 - -400. What is the remainder when t is divided by 50?
41
Suppose -2*x + 3 = -5, 0 = g + 4*x - 22. Let i = 40 - 4. Let y = 50 - i. What is the remainder when y is divided by g?
2
Let f(s) = 4*s - 270. Suppose x - 74 = 21. Calculate the remainder when x is divided by f(71).
11
Let t = -24 - -33. What is the remainder when (6/t)/((-2)/(-84)) is divided by 10?
8
Suppose 6*g = -4*p + 3*g + 705, 0 = 4*p - g - 693. What is the remainder when p is divided by 62?
50
Suppose 4*i = -3*p + 592 - 220, -474 = -4*p + 2*i. Suppose -85 - p = -5*c. Calculate the remainder when 160 is divided by c.
37
Let p(u) = u**2 + u - 4. Suppose -4*x - 4 = 4*h, 4*h - 3*h - 5*x + 25 = 0. Let b(d) = 20*d**2 - 501*d + 88. What is the remainder when b(25) is divided by p(h)?
15
Let p(m) = m**3 - m**2 - m + 49. What is the remainder when p(0) is divided by 12?
1
Let d(n) = 18*n**2. Let s be -4*(2/8 - (-14)/4). What is the remainder when d(1) is divided by -5 + (-50)/s*3?
3
Suppose 7*x - 8*x = -2*a + 417, 4*x - 852 = -4*a. Calculate the remainder when a is divided by 71.
68
Let r(n) = n + 91. What is the remainder when r(0) is divided by ((-2323)/(-303))/(2/6)?
22
Suppose 8 = 2*t - 0*t. Suppose -4*j + t*m + 36 = 0, 5*m + 21 + 2 = 3*j. Calculate the remainder when 52 is divided by j.
8
Let x = -184 + 198. Calculate the remainder when 96 is divided by x.
12
Suppose -20 + 14 = 3*b. Calculate the remainder when 5 is divided by (b/8)/((120/(-64))/15).
1
Suppose -2796 = -5*y - 0*y + 3*i, -5*y = -5*i - 2800. Calculate the remainder when 37 is divided by 2/(-3) + y/27.
17
Suppose -21*m + 25*m = -5*j + 278, -4*j + 5*m = -206. What is the remainder when 295 is divided by j?
25
What is the remainder when -66*7*10/(-35) is divided by 63?
6
Let o(u) = -u**2 - 9*u + 71. What is the remainder when 1 is divided by o(5)?
0
Let u(w) = w - 1. Let z(j) = 6*j + 1. Let g(n) = 4*u(n) - z(n). Let i be g(-5). Let b = i + 6. Calculate the remainder when 20 is divided by b.
9
Let i(j) = 103*j - 27. Let h(t) = t + 4. What is the remainder when i(2) is divided by h(16)?
19
Suppose -463*g + 560 = -455*g. Calculate the remainder when 214 is divided by g.
4
Let x = 367 + -256. Calculate the remainder when x is divided by 23.
19
Let s(g) = g + 12. Let z be s(-13). Let r(u) = -4*u - 2. What is the remainder when 8 + (-1 + 0)*2 is divided by r(z)?
0
Let z be (16/(-12))/(5/(180/(-16))). Calculate the remainder when -4*((3 - z) + 94/(-8)) is divided by 7.
5
Suppose -4*q = -5*q + 48. Suppose -4*r = 3*k + 15, -2*r = 6*k - 2*k + 10. What is the remainder when q is divided by 4/((-32)/(-20))*(9 - k)?
23
Suppose -5*d = -d - 8. Suppose d*v = 11 + 13. Suppose 7*r = -5*k + 3*r + 175, 5*k - r - 175 = 0. Calculate the remainder when k is divided by v.
11
Let g be 0 - (-4 - 0/1). Suppose -64 = g*f - 6*f. Calculate the remainder when f is divided by (1 + 55)/4 + 3.
15
Suppose -27 + 96 = p - 4*n, -5*p + 4*n + 393 = 0. Let u = p + -62. Let w = -15 + 71. What is the remainder when w is divided by u?
18
Let m(k) = 3*k**3 + 2*k**2 - 1. Let t be m(-1). Let r be 15/t + (-10)/20. Calculate the remainder when 23 is divided by 5*(-3 - r/2).
3
Suppose 0 = -2*q - 3*l + 234, 2*l + 2*l - 585 = -5*q. Suppose 4*u = -5*u + q. Calculate the remainder when 30 is divided by u.
4
Calculate the remainder when 176 is divided by (6/(-4))/(39/(-130)).
1
Let j = -2 + 2. Let w(u) = u**3 - 12 - 2*u - u**2 + 32 + 3*u. Calculate the remainder when w(j) is divided by 7.
6
Let i(x) = -3*x - 5. Let z be i(-6). Suppose 5*v - 8 = 4*h + z, 2*h + 13 = 5*v. Let f = v + 17. What is the remainder when 52 is divided by f?
16
Let y be (34/(-18) - 40/(-180))*-324. Suppose 258*v - y = 253*v. What is the remainder when v is divided by 11?
9
Suppose -496 = -13*f - 3*f. Suppose 6*c = c - 5*m + 1065, 0 = -4*c - 2*m + 854. Calculate the remainder when c is divided by f.
28
What is the remainder when 754 is divided by 1160/65 - 8/(-52)?
16
What is the remainder when (-910)/(-21)*(27 + -6) is divided by 76?
74
Let h = -221 + 324. Calculate the remainder when h is divided by 48.
7
Suppose -3*s - 87 = -4*n - 0, -s = 2*n - 31. Calculate the remainder when 46 is divided by n.
10
Suppose 0 = 4*u + 64 - 248. Let y = u + 24. Let q(k) = 5*k**2 + 2*k + 2. What is the remainder when y is divided by q(-2)?
16
Suppose 0 = y + 27 - 30. Suppose 0 = y*d - 4*g - 44, -4*g + 5 = 1. What is the remainder when 40 is divided by d?
8
Let m = -48 - -14. Let t = m + 110. Calculate the remainder when t is divided by 20.
16
Suppose -57 = 4*i - 7*i. Let d = -199 + 202. What is the remainder when i is divided by d?
1
Suppose 0 = -14*n + 4691 + 12725. Calculate the remainder when n is divided by 83.
82
What is the remainder when 79 is divided by (-1)/(-4) + (-2630)/(-40) + 7?
6
Let l = 2 - 1. Suppose 87 = 4*m - 3*i, 4*m - 3*i = -8*i + 47. Suppose 0 = m*q + 2*q - 60. What is the remainder when q is divided by l?
0
Let r be 1/5 - (-198)/10. Suppose r = 12*h - 7*h. Suppose -7 = -h*p + 33. Calculate the remainder when p is divided by 4.
2
Suppose -6*m + 11*m - 80 = 0. Suppose 2*h - 4*w - m = 0, -w = -h + 1 + 2. Calculate the remainder when 30 is divided by h - (-3 - -3 - 13).
8
Suppose 5*q - 269 = 2*l, q + 1 - 71 = -5*l. Let t(b) = -15*b. Calculate the remainder when q is divided by t(-1).
10
Calculate the remainder when 115